*2/2 + t. Suppose -22*d + 37 = -3*u - 17*d, 0 = 2*u + d + 3. What is y(u)?
1
Let l(n) be the first derivative of n**5/20 + n**4/3 - 2*n**3/3 + n**2 + 2*n + 2. Let v(z) be the first derivative of l(z). Suppose q + 4 = -1. Calculate v(q).
-3
Let a(w) = 4*w - 8. Let t(k) = -4*k + 9. Let i(r) = 6*a(r) + 5*t(r). Determine i(2).
5
Let c(u) = 1. Let z(f) = f**2 - 7*f + 9. Let m(k) = -2*c(k) + z(k). Give m(6).
1
Let y be (4/(-8))/((-3)/6*1). Let t be (-2)/((-2)/(-1)) + 4. Let h(v) = -4*v**3 + 1 + v**2 + 5*v**t - 2*v**3 - v. Determine h(y).
0
Let c(w) = w. Let l be (21/9 + -2)*3. Suppose -3 = -s + l. Determine c(s).
4
Let x(n) = -n**2 - 7*n - 1. Suppose 2*z + 4*p = z + 9, -20 = -5*p. Let r be x(z). Let f(c) = -2*c - 1. Give f(r).
1
Let b be (27/(-6))/9*(2 + -2). Suppose n - 4 = -2. Let t(i) = -2*i + 3*i**n - 2*i**2 + 3*i. Give t(b).
0
Suppose 5*y - 9 = 2*y. Let o(v) = v + 2. What is o(y)?
5
Suppose 2 + 13 = -5*f. Let s(u) = -u - 5. Calculate s(f).
-2
Let f(n) be the first derivative of n**3/3 - 3*n**2/2 + 2*n - 180. Let v be 0/(-1) + 2/1. Let w = 2 + v. Calculate f(w).
6
Let z = -6 + 6. Let t(n) be the second derivative of z + n**3 + 1/12*n**4 + n**2 - n. What is t(-5)?
-3
Let g(b) be the third derivative of -b**6/120 - b**5/10 + b**4/24 - 26*b**2. What is g(-6)?
-6
Let v(t) = 3*t**3 + 2*t**2 - t. Suppose 25 = 4*o + o. Suppose o = 5*u - 0. What is v(u)?
4
Let h(y) be the second derivative of -1/6*y**4 + 0 - y**2 + 1/6*y**3 + 2*y. What is h(2)?
-8
Let x(u) = u**3 + 5*u**2 + 3*u. Let a be 3/2*(-112)/24. Let k = 3 + a. Determine x(k).
4
Let n(z) = 2*z**2 + 5*z - 2. Let o(r) = r**2 + r - 1. Let x(g) = n(g) - 4*o(g). Let j be 10/((-1 - -2) + 0). Suppose j = -0*t - 5*t. Determine x(t).
-8
Let p(j) = -j + 2. Let s be p(-2). Let i(w) = 3*w - 4 - 9 + 10. Calculate i(s).
9
Suppose 0 = -4*a - 8 - 8. Let w(s) = -4*s**2 + 0*s**2 - 1 + 0 + 2*s**2 - 6*s. Give w(a).
-9
Let u be 156/10 + 3/(-5). Suppose x - 4*x + u = 0. Suppose -3*g - 2 = -2*i + 16, -x*g = 4*i - 14. Let y(f) = f**2 - 7*f. Determine y(i).
-6
Let u(s) = -s + 1. Let o be (2 + -1)*14/(-7). Let m(b) = b**2 - 5*b + 2. Let z(v) = o*u(v) - m(v). Give z(6).
2
Let l(f) = -7*f**3 - f**2 + f + 1. Suppose -2*t + 0*t = 0. Let g(d) = -d**3 + d - 1. Let h be g(t). What is l(h)?
6
Let h = -3 + -1. Let j = h - -10. Let m(z) = z**3 - 6*z**2 + 2*z - 7. Give m(j).
5
Let c(n) = n**2 - 4. Suppose -7*w - 2 = -2. Determine c(w).
-4
Let v(d) = d**3 + 5*d**2 - 8*d + 4. Suppose 0 = 5*w - 2*f + 30, 0*f + f = -2*w - 12. Determine v(w).
16
Let r = 0 - 2. Let m(w) be the first derivative of 3*w**2/2 + 18*w - 3. Let c(h) = -1. Let i(o) = -18*c(o) - m(o). What is i(r)?
6
Let h(s) = -5*s + s**3 + 3 - 2*s**2 + 0*s**2 - s**2. Give h(4).
-1
Let g(r) = r**2 + 3*r + 1. Let t be g(-2). Let h(j) be the second derivative of 3*j**5/10 + j**4/6 - j**2/2 - j. What is h(t)?
-5
Let n(k) be the second derivative of -k**6/120 + k**5/10 - k**4/8 - 7*k**3/6 + k**2 + 4*k. Let w(l) be the first derivative of n(l). Give w(5).
3
Let o(n) = -n**2 + 3 + 1 - 3 + 4*n. Let m(c) = 6*c + 7. Let p(a) = -a. Let k(u) = m(u) + 5*p(u). Let r be k(-4). Calculate o(r).
4
Let b(o) = -o**3 - 10*o**2 + o + 5. Let u be b(-10). Let v(f) = -f**3 - 4*f**2 + 4*f - 6. What is v(u)?
-1
Let p(o) = o - 4. Let g be -3*2*1/(-4 - -3). What is p(g)?
2
Suppose -5*y = -2*y - 3. Let t(k) = -1 + 1 - 2*k**3 + k**2 - 1. What is t(y)?
-2
Let c(t) = -t**3 - 4*t**2 - 3*t. Suppose -34 = -5*y - 3*q + 1, 4*y - 3*q - 28 = 0. Let z = 5 - y. Calculate c(z).
-2
Let t(u) = 3*u - u**2 + u + 2*u**3 - 5*u - 2. What is t(2)?
8
Let y(t) = -t**2 - 11*t - 24. Let k be y(-4). Let l(j) = j + 5. Determine l(k).
9
Let i be (-2)/2*(8 + -6). Let z(f) = -f**2 - 3*f - 2. Calculate z(i).
0
Let z(a) = -a**3 + 3*a**2 + a + 3. Suppose 3*u - 7 - 2 = 0. What is z(u)?
6
Let x(v) be the first derivative of -v**4/4 + v**3 - v**2/2 + v + 41. Calculate x(3).
-2
Let c(j) = -2*j - 3. Let d(t) = -t**2 - 7*t - 6. Let s be d(-5). Suppose x + 23 = -6*h + 2*h, s*x + 32 = -4*h. Determine c(h).
7
Suppose 0 = 4*k + w - 16, 5*k - 31 = -w - 3*w. Suppose 4*z - 27 + k = 0. Let j(o) = 7*o + z + o**2 - o + o. What is j(-5)?
-4
Let m be 5 - (0/(-4) + 3). Let u(l) = -l**2 - 2*l + 2. Calculate u(m).
-6
Let h(f) = -2*f - 9. Let a be h(-6). Let q(b) be the third derivative of -b**4/8 + 5*b**2. Give q(a).
-9
Let q(j) = j**3 - 5*j**2 + 4. Let p be q(5). Let f be (-40)/12*(-3)/2. Suppose -f*s + 6 = 3*h - p*h, s + 2 = h. Let k(z) = z. Give k(h).
4
Suppose -1 = -m - 4*g + 2, -12 = -4*m + g. Let u be 1/((-1)/m - 0). Let s(d) = -d**3 - 4*d**2 - 3*d + 4. Give s(u).
4
Let t(c) = 4*c - 5 + c**2 + c**2 - c**2. Let b be t(-4). Let l(x) be the third derivative of -x**4/24 - x**3/3 - 11*x**2. What is l(b)?
3
Let c = -9 + 23. Suppose -3*p = -2*a - 2*a + c, -4*a = p - 22. Let r(m) = -4*m + 3 + p*m**2 - 2 + 2*m**2 - m**3. Determine r(3).
-2
Let z(i) = -9*i - 1. Suppose 7*f - 11*f + 4 = 0. Give z(f).
-10
Suppose 2*v + 7 = 17. Let w(o) be the third derivative of -o**4/24 + 5*o**3/3 + 14*o**2. Determine w(v).
5
Let t(s) = -s**2 - 10*s + 7. Let y(z) = -3*z**2 - 29*z + 20. Let x(k) = -17*t(k) + 6*y(k). Let h = 35 - 38. Calculate x(h).
4
Suppose 3*c = 7*c + 3*s - 32, -4*c + 4 = -4*s. Suppose -4*a + 48 = 4*z, -4*z + 3 = a + 6. Let w(v) = 1 - 5 - a*v + 18*v. Calculate w(c).
1
Suppose -18 = 3*f + 3*s, 4 - 1 = -f - 4*s. Let i(w) = -w**2 - 8*w - 6. Give i(f).
1
Let x(n) = -n - 1. Let v(q) = -q**2 - 9*q + 1. Let h(z) = -v(z) + 4*x(z). Give h(-6).
1
Let a = 0 - 2. Let g be ((-40)/(-15))/(a/(-3)). Let v(r) = g*r - r - 8 - 2*r. Calculate v(6).
-2
Suppose -v + 5 = 0, -2*v + 14 = 6*d - 2*d. Let i(b) = 8*b**2 - b + 1. Determine i(d).
8
Let u(q) = -2*q**2 - 16*q - 19. Let l(n) = n**2 + 8*n + 10. Let f(g) = 5*l(g) + 3*u(g). Suppose 4*o + 23 = -3*k + 3*o, -k - 5*o = 31. What is f(k)?
5
Let t = -1 + 6. Let h(y) = -3*y**3 + t*y - 2*y**3 - 6 + 4*y**3 + 6*y**2 + 2*y**3. Determine h(-5).
-6
Let r(u) be the second derivative of u**5/5 + u**4/12 + u**3/6 - u**2/2 + 7*u. Give r(1).
5
Let q(u) = -6*u - 1. Suppose 5*h - 11 - 4 = 0. Suppose 0*t + h = t. Let i be 2*(3/2)/t. Determine q(i).
-7
Let v(b) = -b + 1. Suppose -3*o + 5 = -1. Suppose -r + o*n + 8 = -0, -n = -2*r + 13. Suppose -r*s + 4*s + 8 = 0. What is v(s)?
-3
Let a be (0 + -1)/(3/(-24)). Suppose -f = f - a. Let x(h) = h**2 - 5*h + 6. Give x(f).
2
Let d(k) = -4*k - 5. Let i(g) = g + 1. Let z(n) = d(n) + 6*i(n). Let v be (-2 - -1)*3/(-1). Suppose -v*o + 3 = -4*o. Give z(o).
-5
Suppose -4*x + 3 = -k - 0*k, 2*x = 0. Let v(m) = 2*m + 7. Let p(y) = -y - 6. Let s(o) = k*p(o) - 2*v(o). Give s(0).
4
Let o = -15 - -22. Let h(q) = -2 - 4*q**2 + 6*q - o*q**2 + 10*q**2. Give h(6).
-2
Let j(l) = l + 1. Let b(a) = -a**3 + 7*a**2 - 7*a - 11. Let s be b(5). Give j(s).
5
Let u(l) = -l**2 + 4*l - 3. Let f be u(4). Suppose 3*q = r - 14, 5*r - q - 21 = -7. Let g(b) = b**2 + 3 + 1 + b - 1 + r*b. Calculate g(f).
3
Let s(n) = n + 4 - 1 + 3 - 3. Suppose 0 = 4*a - 0*a - 16. Let u be 0*(-2 + 3) + a. Give s(u).
7
Let n(b) = -b**2. Let l(c) = 11*c**2 - 2*c - 1. Let h(f) = 10*f**2 - f - 1. Let r(k) = 4*h(k) - 3*l(k). Let z(p) = -n(p) - r(p). Determine z(1).
-7
Let t(y) be the first derivative of 5/3*y**3 + 5/2*y**2 + 1/4*y**4 + 1 - 2*y. Give t(-4).
-6
Let q(o) be the first derivative of 2*o**2 + o - 17. Determine q(-1).
-3
Let d(t) = 6*t + 9. Let w(b) = -5*b - 8. Let h(f) = 6*d(f) + 7*w(f). Let g(s) = -6 + 3*s + 6 - 1 - 2 + s**2. Let j be g(-3). What is h(j)?
-5
Suppose r + 6 = 3*o + 1, 4*r + 5 = -3*o. Let q be (-2)/(-1) + (o - 0). Let z(t) = 3*t - 5*t - 3 - q. Determine z(-4).
2
Suppose 2*m = -0*m + 3*a - 7, 5*m + 2*a + 8 = 0. Let y = -5 - m. Let s(i) = i**2 + 3*i + 2. Give s(y).
2
Suppose 0 = j + 2*j - 18. Let g(x) = j - x + 0*x + 0*x. Determine g(6).
0
Let x(a) = a + 70*a**2 - 36*a**2 + 3 - 33*a**2. Determine x(3).
15
Let i(u) = 5*u + 6. Let q = 15 + -19. Determine i(q).
-14
Let d be (-5)/(-5)*(1 - 2). Let c = 1 + d. Let h(y) = 1 - y + 1 + 5. Give h(c).
7
Let d(f) be the third derivative of 1/20*f**5 - 1/12*f**4 + 1/6*f**3 - 4*f**2 + 0*f + 0. What is d(1)?
2
Let n(p) = p**3 + 2*p**2 + 2*p + 4. Let y(u) = -u**3 - 3*u**2 - 2*u - 5. Let b(w) = 4*n(w) + 3*y(w). Let i be (-2)/2 - (0 - 3). Calculate b(i).
9
Let g(x) = -x**3 + 3*x**2 + 5*x - 6. Suppose n + 30 = 4*n.